der when 1071345 is divided by 876.
873
What is the remainder when 111309 is divided by 3800?
1109
Calculate the remainder when 854417 is divided by 170643.
1202
Calculate the remainder when 709755 is divided by 974.
683
Calculate the remainder when 205672 is divided by 102828.
16
Calculate the remainder when 12695 is divided by 405.
140
Calculate the remainder when 66734459 is divided by 1083.
1082
What is the remainder when 73664 is divided by 154?
52
Calculate the remainder when 1212636 is divided by 403646.
1698
Calculate the remainder when 43483782 is divided by 76.
2
Calculate the remainder when 897002 is divided by 2011.
96
What is the remainder when 3471500 is divided by 1466?
12
Calculate the remainder when 42822936 is divided by 2276.
2272
What is the remainder when 1552147 is divided by 37?
34
What is the remainder when 3913236 is divided by 191?
28
What is the remainder when 830317 is divided by 28?
5
Calculate the remainder when 1888236 is divided by 1175.
11
What is the remainder when 1174896 is divided by 182?
86
What is the remainder when 2051879548 is divided by 25?
23
What is the remainder when 6335747 is divided by 2107?
2105
Calculate the remainder when 897895 is divided by 138.
67
What is the remainder when 63124737 is divided by 1071?
1068
Calculate the remainder when 444699784 is divided by 173.
170
Calculate the remainder when 19801192 is divided by 2866.
2864
Calculate the remainder when 3460203 is divided by 740.
703
Calculate the remainder when 13594169 is divided by 8507.
8490
What is the remainder when 2303244 is divided by 69795?
9
What is the remainder when 4191977 is divided by 92?
89
What is the remainder when 7453233 is divided by 44630?
23
Calculate the remainder when 4718818 is divided by 124.
122
What is the remainder when 2226 is divided by 119?
84
Calculate the remainder when 156002 is divided by 6787.
6688
What is the remainder when 175066708 is divided by 65?
63
Calculate the remainder when 1009998 is divided by 1131.
15
What is the remainder when 587497 is divided by 6601?
8
Calculate the remainder when 568242 is divided by 57.
9
Calculate the remainder when 297419726 is divided by 11.
10
What is the remainder when 8132400 is divided by 1039?
147
What is the remainder when 886613 is divided by 764?
373
What is the remainder when 14593649 is divided by 112?
49
What is the remainder when 234615 is divided by 141?
132
What is the remainder when 75420 is divided by 163?
114
Calculate the remainder when 5351707 is divided by 91.
88
Calculate the remainder when 13515232 is divided by 69.
64
Calculate the remainder when 14318872 is divided by 30.
22
Calculate the remainder when 4028177 is divided by 625.
52
Calculate the remainder when 70445720 is divided by 4832.
4824
What is the remainder when 7638685 is divided by 1527737?
0
Calculate the remainder when 6498089 is divided by 4312.
4217
Calculate the remainder when 130251197 is divided by 2564.
2561
What is the remainder when 2593637 is divided by 222?
11
What is the remainder when 212312048 is divided by 22?
14
Calculate the remainder when 63611 is divided by 430.
401
Calculate the remainder when 59447167 is divided by 73.
55
Calculate the remainder when 27682358 is divided by 467.
466
Calculate the remainder when 62197 is divided by 30997.
203
Calculate the remainder when 244912 is divided by 4009.
363
Calculate the remainder when 90775 is divided by 17081.
5370
What is the remainder when 53373435 is divided by 1288?
3
What is the remainder when 309938 is divided by 1771?
13
What is the remainder when 25975819 is divided by 10?
9
Calculate the remainder when 1901868 is divided by 21.
3
What is the remainder when 348656 is divided by 16582?
434
What is the remainder when 7309542 is divided by 85993?
137
Calculate the remainder when 1536406 is divided by 209.
47
What is the remainder when 199820 is divided by 6889?
39
Calculate the remainder when 196291 is divided by 16357.
7
What is the remainder when 1055293684 is divided by 4847?
4844
Calculate the remainder when 393808 is divided by 56199.
415
Calculate the remainder when 614388 is divided by 693.
390
Calculate the remainder when 704937 is divided by 585.
12
Calculate the remainder when 82421189 is divided by 25.
14
What is the remainder when 269117 is divided by 9070?
6087
What is the remainder when 190869 is divided by 12555?
2544
What is the remainder when 4867896 is divided by 8540?
96
What is the remainder when 67755069 is divided by 462?
459
Calculate the remainder when 57385613 is divided by 16.
13
Calculate the remainder when 2854269 is divided by 135917.
12
Calculate the remainder when 2735555 is divided by 6228.
1463
What is the remainder when 36779487 is divided by 110?
107
Calculate the remainder when 10340194 is divided by 42.
4
What is the remainder when 799529 is divided by 4186?
3
Calculate the remainder when 2938253 is divided by 2793.
17
What is the remainder when 2371440 is divided by 669?
504
What is the remainder when 83687311 is divided by 127?
26
Calculate the remainder when 66480 is divided by 34.
10
Calculate the remainder when 16405 is divided by 5287.
544
Calculate the remainder when 3196271 is divided by 1598102.
67
What is the remainder when 124016 is divided by 11264?
112
Calculate the remainder when 284754 is divided by 2610.
264
Calculate the remainder when 105845 is divided by 96692.
9153
Calculate the remainder when 63384907 is divided by 141169.
26
Calculate the remainder when 83304758 is divided by 74.
72
What is the remainder when 689857 is divided by 229937?
46
What is the remainder when 71354 is divided by 2102?
1988
Calculate the remainder when 5358 is divided by 2956.
2402
What is the remainder when 290179 is divided by 72513?
127
What is the remainder when 18369882 is divided by 1307?
1304
Calculate the remainder when 104657 is divided by 3866.
275
What is the remainder when 3556911 is divided by 42?
15
Calculate the remainder when 5960366 is divided by 777.
776
Calculate the remainder when 64296 is divided by 20282.
3450
What is the remainder when 189391 is divided by 11120?
351
What is the remainder when 26242165 is divided by 1640135?
5
Calculate the remainder when 1873022 is divided by 1872120.
902
What is the remainder when 18796557 is divided by 136?
133
What is the remainder when 3278463 is divided by 25414?
57
Calculate the remainder when 2926170 is divided by 816.
810
What is the remainder when 34141 is divided by 2347?
1283
What is the remainder when 1343347717 is divided by 13?
10
What is the remainder when 9487813 is divided by 8641?
8636
What is the remainder when 522164 is divided by 12931?
4924
Calculate the remainder when 52656 is divided by 4170.
2616
What is the remainder when 428906 is divided by 2908?
1430
Calculate the remainder when 2263828 is divided by 9.
4
What is the remainder when 131104 is divided by 3648?
3424
What is the remainder when 81376 is divided by 1965?
811
Calculate the remainder when 1996451 is divided by 51.
5
Calculate the remainder when 8382323 is divided by 75.
23
What is the remainder when 26422543 is divided by 39614?
5
What is the remainder when 19806927 is divided by 142?
57
Calculate the remainder when 701291785 is divided by 1921.
1920
Calculate the remainder when 1734099 is divided by 866964.
171
What is the remainder when 3697195 is divided by 3697193?
2
What is the remainder when 13081499 is divided by 17011?
40
What is the remainder when 1397421 is divided by 279484?
1
Calculate the remainder when 431613 is divided by 3659.
3510
What is the remainder when 102999 is divided by 34183?
450
What is the remainder when 16524618 is divided by 902?
880
What is the remainder when 74057 is divided by 1480?
57
Calculate the remainder when 549987 is divided by 137438.
235
Calculate the remainder when 851939 is divided by 8113.
74
What is the remainder when 3072583 is divided by 32687?
5
Calculate the remainder when 25122 is divided by 4099.
528
Calculate the remainder when 561891 is divided by 2497.
66
Calculate the remainder when 49374 is divided by 5124.
3258
Calculate the remainder when 15367838 is divided by 126.
122
Calculate the remainder when 1516485 is divided by 31.
27
Calculate the remainder when 108247 is